3847?
9
What is the thousands digit of 5659697?
9
What is the units digit of 4580429?
9
What is the thousands digit of 594828?
4
What is the millions digit of 2289529?
2
What is the tens digit of 894636?
3
What is the hundreds digit of 65798?
7
What is the units digit of 7432914?
4
What is the ten thousands digit of 679861?
7
What is the hundreds digit of 20687656?
6
What is the ten thousands digit of 274130?
7
What is the millions digit of 1696470?
1
What is the thousands digit of 141296?
1
What is the tens digit of 1276834?
3
What is the hundred thousands digit of 8681501?
6
What is the thousands digit of 534887?
4
What is the units digit of 1851758?
8
What is the thousands digit of 325090?
5
What is the units digit of 1152214?
4
What is the ten millions digit of 14828954?
1
What is the units digit of 3926539?
9
What is the millions digit of 2157397?
2
What is the thousands digit of 219186?
9
What is the thousands digit of 91995?
1
What is the hundreds digit of 297663?
6
What is the tens digit of 1576036?
3
What is the millions digit of 8915055?
8
What is the thousands digit of 2977115?
7
What is the thousands digit of 131224?
1
What is the ten thousands digit of 1194614?
9
What is the ten thousands digit of 39022731?
2
What is the ten thousands digit of 6488118?
8
What is the hundred thousands digit of 341871?
3
What is the tens digit of 120113?
1
What is the tens digit of 207745?
4
What is the ten millions digit of 11567371?
1
What is the units digit of 1506491?
1
What is the tens digit of 133228?
2
What is the tens digit of 2564354?
5
What is the hundred thousands digit of 856938?
8
What is the units digit of 13132282?
2
What is the hundreds digit of 446819?
8
What is the units digit of 55697?
7
What is the units digit of 316429?
9
What is the thousands digit of 273734?
3
What is the thousands digit of 39234?
9
What is the hundreds digit of 2103618?
6
What is the hundreds digit of 10836564?
5
What is the hundred thousands digit of 1466124?
4
What is the millions digit of 4553836?
4
What is the units digit of 952384?
4
What is the hundreds digit of 198441?
4
What is the ten thousands digit of 2790928?
9
What is the units digit of 40145?
5
What is the units digit of 5646321?
1
What is the hundred thousands digit of 1887509?
8
What is the tens digit of 3328188?
8
What is the hundreds digit of 377880?
8
What is the thousands digit of 22303333?
3
What is the units digit of 926231?
1
What is the hundreds digit of 1946314?
3
What is the thousands digit of 7897394?
7
What is the millions digit of 3280426?
3
What is the hundred thousands digit of 849724?
8
What is the hundred thousands digit of 495716?
4
What is the hundreds digit of 318232?
2
What is the thousands digit of 358446?
8
What is the ten thousands digit of 2490667?
9
What is the thousands digit of 635936?
5
What is the ten thousands digit of 247609?
4
What is the tens digit of 10163180?
8
What is the tens digit of 278265?
6
What is the units digit of 470656?
6
What is the hundred thousands digit of 118196?
1
What is the units digit of 493629?
9
What is the units digit of 273220?
0
What is the units digit of 15476441?
1
What is the hundred thousands digit of 738507?
7
What is the units digit of 10079643?
3
What is the thousands digit of 814993?
4
What is the thousands digit of 444378?
4
What is the thousands digit of 87919?
7
What is the thousands digit of 1497305?
7
What is the hundreds digit of 829737?
7
What is the ten thousands digit of 1835633?
3
What is the hundreds digit of 175808?
8
What is the units digit of 19488?
8
What is the units digit of 9549849?
9
What is the units digit of 233704?
4
What is the thousands digit of 872159?
2
What is the units digit of 427062?
2
What is the thousands digit of 1374933?
4
What is the hundreds digit of 100648?
6
What is the thousands digit of 80298?
0
What is the tens digit of 13769708?
0
What is the hundreds digit of 3871153?
1
What is the hundreds digit of 82573?
5
What is the ten thousands digit of 107762?
0
What is the units digit of 1890435?
5
What is the hundreds digit of 14737853?
8
What is the units digit of 25397562?
2
What is the hundred thousands digit of 2438596?
4
What is the units digit of 1043644?
4
What is the ten thousands digit of 1891455?
9
What is the hundreds digit of 202446?
4
What is the ten thousands digit of 398673?
9
What is the units digit of 283317?
7
What is the ten thousands digit of 14065226?
6
What is the thousands digit of 23010987?
0
What is the units digit of 20170059?
9
What is the thousands digit of 37197297?
7
What is the tens digit of 1397818?
1
What is the hundred thousands digit of 111549?
1
What is the hundreds digit of 405536?
5
What is the ten thousands digit of 28187?
2
What is the ten thousands digit of 724503?
2
What is the hundred thousands digit of 14938290?
9
What is the tens digit of 1233715?
1
What is the units digit of 682225?
5
What is the hundreds digit of 174417?
4
What is the thousands digit of 23657890?
7
What is the tens digit of 5924836?
3
What is the ten thousands digit of 2279702?
7
What is the hundred thousands digit of 15271577?
2
What is the tens digit of 1645853?
5
What is the ten millions digit of 39732413?
3
What is the ten thousands digit of 181516?
8
What is the thousands digit of 3034821?
4
What is the thousands digit of 11737912?
7
What is the hundreds digit of 503034?
0
What is the ten thousands digit of 1773588?
7
What is the millions digit of 3591260?
3
What is the ten thousands digit of 16957964?
5
What is the thousands digit of 1689148?
9
What is the thousands digit of 1159143?
9
What is the hundreds digit of 21679492?
4
What is the hundred thousands digit of 662707?
6
What is the tens digit of 424155?
5
What is the thousands digit of 3530660?
0
What is the ten thousands digit of 789810?
8
What is the hundreds digit of 21883139?
1
What is the hundred thousands digit of 14749461?
7
What is the hundreds digit of 9157799?
7
What is the hundreds digit of 11541?
5
What is the units digit of 454232?
2
What is the hundreds digit of 678015?
0
What is the tens digit of 4179652?
5
What is the tens digit of 23885992?
9
What is the thousands digit of 303693?
3
What is the ten thousands digit of 464273?
6
What is the tens digit of 7248594?
9
What is the hundred thousands digit of 1991030?
9
What is the hundreds digit of 478897?
8
What is the ten thousands digit of 155386?
5
What is the tens digit of 1271845?
4
What is the tens digit of 4772667?
6
What is the ten thousands digit of 8608430?
0
What is the hundred thousands digit of 4657799?
6
What is the units digit of 252682?
2
What is the hundred thousands digit of 327127?
3
What is the ten thousands digit of 60322?
6
What is the tens digit of 595803?
0
What is the tens digit of 1246707?
0
What is the units digit of 8932937?
7
What is the units digit of 6335349?
9
What is the units digit of 4673759?
9
What is the tens digit of 799583?
8
What is the hundreds digit of 1536644?
6
What is the hundreds digit of 2618?
6
What is the units digit of 491392?
2
What is the tens digit of 386303?
0
What is the tens digit of 5974275?
7
What is the millions digit of 2994190?
2
What is the millions digit of 3124680?
3
What is the hundreds digit of 2195581?
5
What is the ten thousands digit of 204115?
0
What is the ten thousands digit of 13612?
1
What is the ten thousands digit of 356602?
5
What is the units digit of 138565?
5
What is the hundred thousands digit of 2982962?
9
What is the tens digit of 21138552?
5
What is the thousands digit of 2462093?
2
What is the thousands digit of 211209?
1
What is the ten thousands digit of 180343?
8
What is the ten thousands digit of 186972?
8
What is the hundreds digit of 122332?
3
What is the hundreds digit of 374322?
3
What is the hundreds digit of 3197?
1
What is the units digit of 58545?
5
What is the tens digit of 655317?
1
What is the hundreds digit of 3456249?
2
What is the millions digit of 4948366?
4
What is the ten millions digit of 12373504?
1
What is the hundreds digit of 324050?
0
What is the ten thousands digit of 773239?
7
What is the units digit of 1311831?
1
What is the thousands digit of 1634669?
4
What is the tens digit of 1574770?
7
What is the hundreds digit of 22659117?
1
What is